{"id":5337,"date":"2026-03-26T17:19:15","date_gmt":"2026-03-26T20:19:15","guid":{"rendered":"https:\/\/brala.cl\/?post_type=product&#038;p=5337"},"modified":"2026-03-26T17:19:15","modified_gmt":"2026-03-26T20:19:15","slug":"arriendo-casa-sector-el-rincon-penablanca","status":"publish","type":"product","link":"https:\/\/brala.cl\/index.php\/producto\/arriendo-casa-sector-el-rincon-penablanca\/","title":{"rendered":"Arriendo casa Sector El Rinc\u00f3n, Pe\u00f1ablanca"},"content":{"rendered":"<p><iframe loading=\"lazy\" title=\"#arriendo #pe\u00f1ablanca #arriendo #bralapropiedades\" width=\"563\" height=\"1000\" src=\"https:\/\/www.youtube.com\/embed\/HCeQghngpps?feature=oembed\"  allow=\"accelerometer; autoplay; clipboard-write; encrypted-media; gyroscope; picture-in-picture; web-share\" referrerpolicy=\"strict-origin-when-cross-origin\" allowfullscreen><\/iframe><\/p>\n","protected":false},"excerpt":{"rendered":"<p>\u00a1Explora tu futuro hogar desde tu pantalla! Cont\u00e1ctanos para recibir un videotour detallado. Ofrecemos visitas al inmueble seg\u00fan tu horario. Nuestro proceso de arriendo es 100% online y legalizado por notar\u00eda. Puedes pagar en cuotas con tus tarjetas de cr\u00e9dito, gracias a Webpay.<\/p>\n<p>Casa de 2 pisos en exclusivo sector de Pe\u00f1ablana<br \/>\n3 dormitorios<br \/>\n3 ba\u00f1os<br \/>\n2 estacionamientos<br \/>\nNo bodega<br \/>\nCocina tradicional amoblada y equipada)<br \/>\nLogia<br \/>\nTerraza techada con quincho y piscina<br \/>\nOrientaci\u00f3n nor-poniente<br \/>\nCon 104 m2 construidos y un total de 150 m2 de terreno.<br \/>\nA\u00f1o de construcci\u00f3n: 2021<br \/>\nA\u00f1o corrido, sin muebles<br \/>\nSe aceptan mascotas<br \/>\nValor de arriendo: $850.000 + $100.000 gasto com\u00fan<\/p>\n<p>Agenda tu visita hoy y conoce este excelente departamento. Cont\u00e1ctanos para m\u00e1s informaci\u00f3n o para coordinar una visita.<\/p>\n","protected":false},"featured_media":5339,"template":"","meta":{"_et_pb_use_builder":"","_et_pb_old_content":"","_et_gb_content_width":"","om_disable_all_campaigns":false,"_monsterinsights_skip_tracking":false,"_monsterinsights_sitenote_active":false,"_monsterinsights_sitenote_note":"","_monsterinsights_sitenote_category":0,"_uf_show_specific_survey":0,"_uf_disable_surveys":false},"product_brand":[],"product_cat":[133,116,141],"product_tag":[],"class_list":{"0":"post-5337","1":"product","2":"type-product","3":"status-publish","4":"has-post-thumbnail","6":"product_cat-ano-corrido","7":"product_cat-arriendo","8":"product_cat-villa-alemana-arriendo","10":"first","11":"instock","12":"shipping-taxable","13":"purchasable","14":"product-type-simple"},"aioseo_notices":[],"jetpack_sharing_enabled":true,"_links":{"self":[{"href":"https:\/\/brala.cl\/index.php\/wp-json\/wp\/v2\/product\/5337","targetHints":{"allow":["GET"]}}],"collection":[{"href":"https:\/\/brala.cl\/index.php\/wp-json\/wp\/v2\/product"}],"about":[{"href":"https:\/\/brala.cl\/index.php\/wp-json\/wp\/v2\/types\/product"}],"wp:featuredmedia":[{"embeddable":true,"href":"https:\/\/brala.cl\/index.php\/wp-json\/wp\/v2\/media\/5339"}],"wp:attachment":[{"href":"https:\/\/brala.cl\/index.php\/wp-json\/wp\/v2\/media?parent=5337"}],"wp:term":[{"taxonomy":"product_brand","embeddable":true,"href":"https:\/\/brala.cl\/index.php\/wp-json\/wp\/v2\/product_brand?post=5337"},{"taxonomy":"product_cat","embeddable":true,"href":"https:\/\/brala.cl\/index.php\/wp-json\/wp\/v2\/product_cat?post=5337"},{"taxonomy":"product_tag","embeddable":true,"href":"https:\/\/brala.cl\/index.php\/wp-json\/wp\/v2\/product_tag?post=5337"}],"curies":[{"name":"wp","href":"https:\/\/api.w.org\/{rel}","templated":true}]}}